n 7514559 is divided by 1353.
1350
What is the remainder when 616 is divided by 201?
13
What is the remainder when 135951 is divided by 14?
11
What is the remainder when 232297 is divided by 294?
37
What is the remainder when 135761 is divided by 54?
5
What is the remainder when 314 is divided by 293?
21
What is the remainder when 3104 is divided by 73?
38
Calculate the remainder when 1960 is divided by 709.
542
Calculate the remainder when 319105 is divided by 22.
17
What is the remainder when 58545 is divided by 887?
3
What is the remainder when 16700 is divided by 569?
199
What is the remainder when 62545 is divided by 87?
79
Calculate the remainder when 1924 is divided by 189.
34
Calculate the remainder when 2453 is divided by 23.
15
What is the remainder when 5120 is divided by 374?
258
Calculate the remainder when 4843631 is divided by 24.
23
What is the remainder when 896 is divided by 23?
22
What is the remainder when 164852 is divided by 130?
12
What is the remainder when 5352 is divided by 175?
102
Calculate the remainder when 711 is divided by 430.
281
What is the remainder when 5457 is divided by 1363?
5
What is the remainder when 2961 is divided by 377?
322
What is the remainder when 60241 is divided by 563?
0
Calculate the remainder when 90649 is divided by 30214.
7
What is the remainder when 33018 is divided by 11001?
15
What is the remainder when 5298 is divided by 80?
18
Calculate the remainder when 1028 is divided by 146.
6
What is the remainder when 4202 is divided by 10?
2
Calculate the remainder when 8757 is divided by 1576.
877
Calculate the remainder when 60859 is divided by 175.
134
What is the remainder when 2554 is divided by 171?
160
Calculate the remainder when 324335 is divided by 174.
173
Calculate the remainder when 11318 is divided by 1411.
30
What is the remainder when 31204 is divided by 11?
8
Calculate the remainder when 17335 is divided by 696.
631
Calculate the remainder when 602 is divided by 328.
274
What is the remainder when 6176 is divided by 1998?
182
What is the remainder when 7435 is divided by 1484?
15
Calculate the remainder when 29442 is divided by 491.
473
Calculate the remainder when 330 is divided by 127.
76
Calculate the remainder when 20336 is divided by 61.
23
Calculate the remainder when 971 is divided by 487.
484
Calculate the remainder when 37609 is divided by 333.
313
Calculate the remainder when 289 is divided by 53.
24
Calculate the remainder when 52543 is divided by 12.
7
Calculate the remainder when 151190 is divided by 7.
4
What is the remainder when 3165 is divided by 18?
15
Calculate the remainder when 19574 is divided by 4.
2
What is the remainder when 2213 is divided by 803?
607
What is the remainder when 11941 is divided by 1955?
211
Calculate the remainder when 3407 is divided by 222.
77
Calculate the remainder when 1003 is divided by 498.
7
Calculate the remainder when 304869 is divided by 360.
309
What is the remainder when 34867 is divided by 222?
13
What is the remainder when 5597 is divided by 108?
89
Calculate the remainder when 36121 is divided by 22.
19
What is the remainder when 16530 is divided by 59?
10
What is the remainder when 54474 is divided by 54328?
146
What is the remainder when 30947 is divided by 584?
579
What is the remainder when 1452814 is divided by 12?
10
What is the remainder when 9119 is divided by 438?
359
Calculate the remainder when 40944 is divided by 908.
84
What is the remainder when 285229 is divided by 47530?
49
Calculate the remainder when 10100 is divided by 79.
67
Calculate the remainder when 707571 is divided by 238.
235
What is the remainder when 621 is divided by 18?
9
What is the remainder when 584541 is divided by 14?
13
Calculate the remainder when 24442 is divided by 885.
547
What is the remainder when 25538 is divided by 195?
188
Calculate the remainder when 1270072 is divided by 980.
972
Calculate the remainder when 8786 is divided by 154.
8
Calculate the remainder when 17731 is divided by 5887.
70
Calculate the remainder when 19645 is divided by 22.
21
Calculate the remainder when 2051 is divided by 197.
81
What is the remainder when 124828 is divided by 8?
4
Calculate the remainder when 14199 is divided by 128.
119
Calculate the remainder when 1220663 is divided by 6.
5
What is the remainder when 15870 is divided by 95?
5
What is the remainder when 934 is divided by 264?
142
What is the remainder when 3030 is divided by 19?
9
What is the remainder when 6598 is divided by 1644?
22
What is the remainder when 227199 is divided by 561?
555
What is the remainder when 2019 is divided by 547?
378
What is the remainder when 29734 is divided by 29727?
7
What is the remainder when 156236 is divided by 310?
306
Calculate the remainder when 4553 is divided by 2065.
423
What is the remainder when 73557 is divided by 40?
37
What is the remainder when 2276 is divided by 580?
536
Calculate the remainder when 46674 is divided by 46637.
37
What is the remainder when 3080 is divided by 258?
242
Calculate the remainder when 13000 is divided by 1061.
268
What is the remainder when 469108 is divided by 18?
10
What is the remainder when 70389 is divided by 3519?
9
Calculate the remainder when 23647 is divided by 114.
49
Calculate the remainder when 1811552 is divided by 95.
92
Calculate the remainder when 884 is divided by 357.
170
Calculate the remainder when 1565 is divided by 425.
290
Calculate the remainder when 14330 is divided by 260.
30
Calculate the remainder when 44670 is divided by 7441.
24
What is the remainder when 363887 is divided by 456?
455
What is the remainder when 13696 is divided by 361?
339
Calculate the remainder when 47031 is divided by 67.
64
What is the remainder when 1759 is divided by 411?
115
What is the remainder when 10691 is divided by 2670?
11
Calculate the remainder when 1272 is divided by 637.
635
Calculate the remainder when 425 is divided by 141.
2
What is the remainder when 6377 is divided by 189?
140
What is the remainder when 18492 is divided by 11?
1
What is the remainder when 1153 is divided by 97?
86
What is the remainder when 10898 is divided by 61?
40
Calculate the remainder when 194145 is divided by 343.
7
Calculate the remainder when 20474 is divided by 195.
194
What is the remainder when 1510 is divided by 37?
30
What is the remainder when 1829 is divided by 15?
14
What is the remainder when 41625 is divided by 13863?
36
What is the remainder when 984940 is divided by 328310?
10
What is the remainder when 6395 is divided by 3172?
51
What is the remainder when 310 is divided by 16?
6
What is the remainder when 5936 is divided by 1481?
12
Calculate the remainder when 3651 is divided by 1214.
9
What is the remainder when 4835 is divided by 267?
29
What is the remainder when 3609 is divided by 900?
9
What is the remainder when 187160 is divided by 18715?
10
Calculate the remainder when 757913 is divided by 189468.
41
Calculate the remainder when 677 is divided by 77.
61
Calculate the remainder when 194803 is divided by 10.
3
Calculate the remainder when 2547 is divided by 255.
252
Calculate the remainder when 126136 is divided by 1274.
10
Calculate the remainder when 4610 is divided by 627.
221
Calculate the remainder when 22438 is divided by 11208.
22
What is the remainder when 9836 is divided by 1115?
916
What is the remainder when 422010 is divided by 441?
414
Calculate the remainder when 11822 is divided by 1687.
13
Calculate the remainder when 730 is divided by 613.
117
What is the remainder when 42825 is divided by 10693?
53
What is the remainder when 23040 is divided by 207?
63
Calculate the remainder when 2304 is divided by 1686.
618
Calculate the remainder when 18741 is divided by 408.
381
Calculate the remainder when 1557210 is divided by 609.
606
What is the remainder when 457735 is divided by 152578?
1
What is the remainder when 97552 is divided by 32514?
10
What is the remainder when 100 is divided by 52?
48
What is the remainder when 10475 is divided by 169?
166
Calculate the remainder when 4142 is divided by 16.
14
What is the remainder when 2731 is divided by 431?
145
What is the remainder when 288 is divided by 92?
12
Calculate the remainder when 2773 is divided by 230.
13
What is the 